z be 284/n + 12/(-30). Suppose -5*m + 10 = 3*g, m - 4*m = -5*g + z. What is the units digit of g?
5
Suppose -2*n - 4*o + 149 = 39, 2*n = -2*o + 100. What is the tens digit of n?
4
Let r(i) = -i + 20. What is the units digit of r(0)?
0
Let z be 4/(0 + 5 - 3). Suppose 7*g = -4*n + 2*g + 83, 31 = z*n - g. What is the units digit of n?
7
Let c be 114/4*(-6)/(-9). Let j = 67 - c. What is the tens digit of j?
4
Suppose -2*a = 3*i - 70, 5*i - 11 = -2*a + 99. What is the units digit of i?
0
Let i be (-6)/(-8) + 27/(-4). Let t(v) = -v**2. Let u be t(1). What is the units digit of ((-3)/i)/(u/(-12))?
6
Let r(s) = 2*s - 1. Let y be r(3). Suppose -87 = -y*x + 8. What is the tens digit of x?
1
Let z(h) = 4*h + 59. What is the tens digit of z(14)?
1
Let z(c) = -c + 2. Suppose b = 2*b - 2. Let n be z(b). Suppose 0 = -n*a + a - 16. What is the tens digit of a?
1
What is the units digit of (47 + 2)/(-5 - -6)?
9
Let l = -53 + 21. Let p = 51 + l. What is the tens digit of p?
1
Let p(j) = 19*j - 5. Let a be p(4). Let c = a + -25. What is the units digit of c?
6
Let m be (46/3)/((-2)/6). Let k = -27 - m. What is the tens digit of k?
1
Suppose -6*f + f - 5*z + 50 = 0, f - z = 0. Suppose f*c = -2*l + 36, 5*l + c - 75 = -4*c. What is the tens digit of l?
1
Let h(r) = -4*r + 37. What is the units digit of h(-10)?
7
What is the units digit of 1/(-3) + (-3376)/(-48)?
0
Suppose 2*u - 4*l + 0*l = 86, -191 = -5*u + 2*l. What is the tens digit of u?
3
Let z(y) be the third derivative of -y**4/6 + y**3/3 + 2*y**2. What is the tens digit of z(-3)?
1
Suppose 0 = 5*l - y - 45, 2*l - 10 = -0*l + 2*y. Suppose -j - 26 = -2*j - f, l = -5*f. What is the units digit of j?
8
Let j(o) = 6*o**3 - 2*o**2 + o - 2. Let g be j(2). Suppose -3*x = -7*x + g. What is the tens digit of x?
1
Suppose 2*b - i - 363 = 0, -b - 9*i = -13*i - 171. What is the tens digit of b?
8
Let s = 14 + -5. What is the units digit of s?
9
Suppose -4*t + 4*b = -56, 0 = -4*b - b + 5. What is the tens digit of t?
1
What is the units digit of -4 - (2 - 3)*53?
9
Let m(z) be the first derivative of -z**3/3 + 11*z**2/2 + 3*z + 10. What is the tens digit of m(6)?
3
Let t(a) = 5*a**2 + 2*a + 5. What is the units digit of t(-5)?
0
Let b(z) = z**2 + 6*z - 3. What is the tens digit of b(-11)?
5
Let m(f) = 13*f**3 + 2*f**2 + f. Let d be m(-1). What is the units digit of d/8*(-14)/3?
7
Let r(b) = b**2 - 4*b - 5. Let g(j) = -j**2 + 3*j. Let c(f) = -2*f**2 + 5*f - 1. Let a(k) = -6*c(k) + 13*g(k). Let s be a(9). What is the units digit of r(s)?
7
Let i(d) = -9 + 2*d**2 + d**2 - 4*d**2 - 9*d. Let j be i(-7). Suppose -w + 2*w - 3*x - 12 = 0, -j*w + x + 18 = 0. What is the units digit of w?
3
What is the tens digit of 19*2 - (9 + -5)?
3
What is the units digit of (-27*3/(-3))/1?
7
Suppose 2*o - 26 - 10 = 0. Suppose -3*d + o = -d. What is the units digit of d?
9
Suppose -j + 29 - 3 = 2*c, -2*j = 0. Let r be (2 - 1)/(1/c). Suppose -4*p + 3 = -r. What is the units digit of p?
4
Let h(t) = -2*t**3 - 8*t**2 + t - 2. What is the tens digit of h(-7)?
8
Suppose 4*n + 9 = 29. Suppose -3*g + n*a - 4*a + 12 = 0, -3*g - a + 6 = 0. What is the units digit of g?
3
Suppose -5*l + 3*v - 131 = 0, -2*l + 2*v = v + 53. What is the units digit of (-9)/6*l/6?
7
Suppose p - 2*t = 80, 0*p + 3*p = -3*t + 276. What is the tens digit of p?
8
What is the hundreds digit of (-1 - 0) + 6 + -12 + 167?
1
What is the hundreds digit of (1078 - 1)*(-15)/(-45)?
3
Suppose 38 = -2*p + 4*y, -3*p + 2*y + 86 = -7*p. Let t = p - -42. What is the tens digit of t?
2
Let p be -1 - -8 - (4 + -4). Let o = 17 - p. What is the units digit of o?
0
Let y(f) be the second derivative of -f**5/10 - 2*f. Suppose -4*q - 3*k = 1, 2*q + 1 = 3*q + 2*k. What is the units digit of y(q)?
2
Suppose p - 5*h = 38, 0*p = -3*p + 5*h + 94. What is the units digit of p?
8
Suppose 5*y - 85 = -4*a - a, 4*a - 5*y = 104. What is the units digit of a?
1
Let f(c) = 2 + 1 - 2*c + 2*c**2 - 8. What is the units digit of f(4)?
9
Let q(v) = 2*v**2 + 13*v + 8. Let h be (-8)/(-24) - (-50)/(-6). What is the units digit of q(h)?
2
Let o be -3 + (-1)/((-2)/6). Suppose -3 = a - 3*s + 14, o = 5*s + 15. Let q = a - -37. What is the units digit of q?
1
Let m = -25 + 56. Let t = m + -12. What is the units digit of t?
9
Suppose 4*t = 6*t - 8. Suppose -3*c = 2*h + 16, 4*c + 23 = 3*h - t. What is the units digit of c*3*(-2)/4?
9
Let v(t) = -10*t - 3. What is the units digit of v(-6)?
7
Suppose 5*v = 15 + 5. Let l(k) = v*k**2 - 2*k**2 - 3*k + 2 - 2 - 2. What is the units digit of l(3)?
7
Suppose -4*t - 5*y = 8, -3*t + 29 = -0*t - 5*y. Suppose -2*v = -3*v + t. What is the units digit of v?
3
Suppose -5*z = -2*w + 67, 2*w - 4*z = -w + 90. What is the units digit of w?
6
Suppose 3*o - 4*q + 12 = -7*q, 0 = -q + 4. Let v = o + 14. What is the tens digit of (2/6)/(v/234)?
1
Let u(n) = n**2 - 5*n + 7. Let b be u(5). Suppose 2*x - 3*x = -b. What is the units digit of x?
7
Let n(r) = -r**3 - 6*r**2 - 7*r - 5. Let v be n(-5). Suppose 2*b - 5*q = 223, -165 = -2*b - 5*q + 88. Suppose -v*z - 34 = -b. What is the tens digit of z?
1
Let m(u) = -u - 7. What is the units digit of m(-9)?
2
Let l(q) = -q**2 + 5*q + 3. What is the units digit of l(3)?
9
Let g = -186 - -265. What is the units digit of g?
9
Let z = -41 - -81. What is the tens digit of z?
4
Suppose -3*z - a = -11, 3*a = 3*z - 5*z + 19. Suppose 0 = -2*g - z*g + 40. What is the units digit of g?
0
Suppose -4*x - 7*x + 44 = 0. What is the units digit of x?
4
Let g(t) = 69*t - 51. What is the tens digit of g(6)?
6
Let u = -36 + 87. What is the tens digit of u?
5
Suppose -2*j = -z - 20, z - 4*j + 3*j + 21 = 0. Let v = z - -34. What is the tens digit of v?
1
What is the units digit of (-24)/8*(1 + -11)?
0
Let v be 1/(4/(-16)) + 2. What is the tens digit of (148/(-8)*v)/1?
3
Suppose 2*f + 3*p = -2*p + 375, -3*f = -2*p - 515. What is the units digit of f?
5
Suppose 0 = -3*r - 8 - 1. Let c(y) = 4*y + 5. Let q(h) = -3*h - 4. Let x(a) = r*q(a) - 2*c(a). What is the units digit of x(0)?
2
Let v(l) = l**3 + 5*l**2 - 4. Let j be v(-3). What is the units digit of 164/j + 2/7?
2
Let j be 2*(-2 - -3) - -4. Suppose 2*m = y, -4*m + 48 = -2*y + j*y. Suppose 0 = q + 3*q - y. What is the units digit of q?
2
Let w = 2 + 0. Suppose 5*f + 3*a - 76 = 4*a, -w*f = -3*a - 20. Suppose -f = -p - p. What is the units digit of p?
8
Let y(z) = -19*z**3 - z**2 + z + 1. What is the tens digit of y(-1)?
1
Suppose -3*c - 5*h - 17 = 0, -4*c + 4*h = -26 + 6. Suppose c = a - 2*v + v, 0 = -5*v. What is the units digit of a?
1
Let w(a) = -a**3 + 11*a**2 + 13*a - 7. Let d be w(12). Let y = -11 - -21. Suppose 0 = 4*t + 20, -g - 2*g - y = d*t. What is the units digit of g?
5
Let v(m) = m**3 - 16*m**2 + 18*m + 18. What is the tens digit of v(15)?
6
Suppose -5*k + 2*k = 2*a - 87, -120 = -5*k + 5*a. What is the units digit of k?
7
Suppose 0*i - 51 = -5*o + 4*i, -5*i = 4*o - 49. Suppose -r + 5*q = r - o, 4*r = -4*q + 64. What is the tens digit of r?
1
Let v = 99 + -15. What is the units digit of v?
4
Suppose 163 = 3*i + 4*h - 161, -2*i - 4*h + 212 = 0. What is the units digit of i?
2
Let u(h) = 4*h - 3. Let a be u(9). What is the tens digit of 2 + a/(-3 - -4)?
3
Let n(s) be the second derivative of s**5/20 - 7*s**4/12 + s**3 + 3*s**2/2 - 2*s. What is the units digit of n(6)?
3
Let l = 9 - 17. Let k(g) = g**2 + 8*g + 7. What is the units digit of k(l)?
7
Suppose 0 = -4*m + 8 - 0. Suppose -m*r = q - 3, 0 = -3*r - 2*q - 0*q + 2. What is the units digit of r?
4
Let r = -6 - -15. Let x(i) = 8 + r + 0*i**2 + i**2. What is the tens digit of x(0)?
1
What is the units digit of -19*(-4 + 3 - 0)?
9
Let m = -78 + 122. What is the tens digit of m?
4
Let b(y) = y - 8. Let d be b(12). Suppose 0 = -5*i - 3*s + 89, d*i + s + 13 = 5*i. What is the units digit of i?
6
Let a(p) = -55*p + 22. What is the tens digit of a(-5)?
9
Suppose 14 + 116 = 5*j. What is the tens digit of j?
2
Suppose -5*f + 79 = -5*w - 171, -4*w - 251 = -5*f. What is the tens digit of f?
5
Suppose 0*h - 98 = -2*h. What is the units digit of h?
9
Let a be (-1 + 1)/(-3) - 2. Let i(z) = 11*z**2 + 3*z + 2. Let m be i(a). Suppose p = 6*p - m. What is the units digit of p?
8
Let j(g) = -11*g + 13. Suppose 4*n - 27 = 1. Let w(b) = -17*b + 19. Let z(v) = n*j(v) - 5*w(v). What is the 